o**3 - 9*o**2 + 9*o + 56. Calculate h(-6).
-106
Let p(o) = -1646*o - 50995. Calculate p(-31).
31
Let h(o) = -2*o**3 - 22*o**2 - 12*o + 57. Determine h(-10).
-23
Let t(k) = 11*k**2 + 287*k + 35. Calculate t(-26).
9
Let u(x) = x + 15. Determine u(40).
55
Let c(v) = -6*v**2 - 5*v + 54. Determine c(-5).
-71
Let o(c) = -166*c - 517. Calculate o(-3).
-19
Let q(z) = z**3 + 2*z**2 - 4*z + 5. Determine q(2).
13
Let p(c) = 12*c + 500. Determine p(22).
764
Let i(q) = -4*q**3 - 67*q**2 - 79*q + 45. Determine i(-16).
541
Let j(p) = -25*p + 389. What is j(15)?
14
Let y(l) = l**3 + 142*l**2 + 184*l + 26118. Determine y(-142).
-10
Let v(b) = -b**3 - 4*b**2 + b + 9. Determine v(-3).
-3
Let k(d) = 78*d - 770. Give k(8).
-146
Let h(z) = -z**2 - 221*z + 2549. Determine h(11).
-3
Let o(t) = -27*t - 521. Determine o(-18).
-35
Let s(c) = -c**3 - 53*c**2 + 8*c + 410. What is s(-53)?
-14
Let c(p) = p**2 + 10*p - 3. Give c(7).
116
Let l(h) = -2*h**2 - 61*h - 289. Determine l(-6).
5
Let m(o) = 460*o**2 + 2302*o + 11. Determine m(-5).
1
Let x(f) = -f**3 + 11*f**2 - 38*f + 49. Give x(6).
1
Let t(p) = -p**2 + 14*p + 118. What is t(18)?
46
Let p(l) = -2*l**2 + 38*l + 1. Give p(-1).
-39
Let w(u) = 145*u - 2796. What is w(18)?
-186
Let l(a) = -74*a**2 + 280*a - 548. Calculate l(2).
-284
Let j(b) = 415*b + 3292. What is j(-8)?
-28
Let d(l) = 12*l**3 + 2*l**2 - 94*l - 1. Determine d(0).
-1
Let u(b) = -b**3 - 34*b**2 + 151*b + 53. What is u(-38)?
91
Let f(v) = -519*v - 75248. Determine f(-145).
7
Let u(m) = 118*m - 19950. Calculate u(169).
-8
Let z(r) = 22*r + 91. Calculate z(-22).
-393
Let y(q) = 3921*q + 43135. Give y(-11).
4
Let r(p) = -17*p**3 - 22*p**2 - 25*p - 1. Give r(-1).
19
Let k(u) = u**3 - 50*u**2 + 187*u - 5. Give k(4).
7
Let k(q) = q**3 - 14*q**2 + 83. Calculate k(13).
-86
Let m(o) = -28*o - 2512. Determine m(-75).
-412
Let o(c) = -2*c**3 - 70*c**2 - 2*c - 4. Determine o(-35).
66
Let d(l) = l**3 + 36*l**2 - 77*l - 40. Calculate d(-38).
-2
Let d(l) = -l**3 - 14*l**2 + 19*l - 37. Give d(-16).
171
Let y(z) = -z**3 + 99*z**2 + 102*z - 204. Determine y(100).
-4
Let k(t) = t**3 + 17*t**2 - 98*t + 17. Give k(-21).
311
Let k(q) = -778*q + 11653. What is k(15)?
-17
Let p(m) = -20*m**2 - 261*m + 514. Determine p(2).
-88
Let z(s) = 10*s + 353. Give z(-37).
-17
Let v(c) = 34*c**3 - 4*c - 5. Calculate v(-1).
-35
Let y(j) = j**2 + 2*j - 514. Determine y(22).
14
Let i(x) = 174*x + 984. Give i(-6).
-60
Let n(l) = 3*l**3 - 27*l**2 + 13*l - 60. Give n(9).
57
Let r(b) = -b**2 - 22*b + 223. Calculate r(-30).
-17
Let a(p) = 2*p**2 - 178*p + 1295. Calculate a(8).
-1
Let f(d) = 84*d - 769. Calculate f(9).
-13
Let g(f) = f**3 - f**2 - 20*f + 21. Calculate g(-5).
-29
Let g(n) = -n**3 + 2*n**2 + 42*n - 129. Calculate g(5).
6
Let w(i) = 174*i + 861. Give w(-5).
-9
Let a(x) = -x**2 + 136*x - 792. Calculate a(129).
111
Let r(f) = -f**3 + 24*f**2 - 83*f + 28. Calculate r(4).
16
Let k(w) = w**3 - 13*w**2 + 37*w - 11. Determine k(7).
-46
Let f(z) = -4*z**2 + 283*z - 1774. What is f(7)?
11
Let p(t) = -t**3 - 4*t**2 - 38*t - 210. Determine p(-5).
5
Let y(o) = 122*o - 633. Give y(5).
-23
Let y(z) = z**3 - 193*z**2 - 356*z - 6632. Determine y(195).
-2
Let y(b) = b**3 - 11*b**2 - 2*b + 9. What is y(5)?
-151
Let b(o) = 9*o + 47. Calculate b(8).
119
Let d(i) = i**2 - 7*i + 33. What is d(5)?
23
Let y(p) = -4*p**2 + 97*p + 13. Give y(0).
13
Let w(y) = y**3 - 5*y**2 - 2*y + 658. Determine w(0).
658
Let b(f) = -f**2 - 7*f - 31. Give b(-4).
-19
Let k(o) = -33*o - 233. Give k(-6).
-35
Let v(o) = o**3 - 8*o**2 - 2*o + 11. Give v(8).
-5
Let y(w) = -w**3 - 49*w**2 - 21*w - 533. What is y(-49)?
496
Let i(g) = -9*g**2 - 311*g - 1747. What is i(-7)?
-11
Let q(f) = 9888*f + 19785. Calculate q(-2).
9
Let h(r) = -54*r**2 - 1190*r - 44. Give h(-22).
0
Let a(o) = o**3 + 118*o**2 - 116*o + 371. Give a(-119).
14
Let h(x) = x**3 + 118*x**2 + 781*x + 415. What is h(-111)?
-29
Let f(l) = -256*l - 115. Give f(-1).
141
Let b(h) = -h**2 + 14*h + 159. What is b(24)?
-81
Let g(p) = -298*p + 402. What is g(0)?
402
Let b(r) = r**2 + 10*r - 1604. Determine b(-45).
-29
Let h(j) = -j**3 + 12*j**2 - 20*j + 3. Determine h(6).
99
Let o(l) = -595*l - 5160. Determine o(-9).
195
Let u(k) = -62*k**3 + 3*k**2 + k - 2. Give u(2).
-484
Let c(h) = h**3 - 4*h**2 - 107*h + 85. Calculate c(-9).
-5
Let d(j) = 6574*j - 243236. Determine d(37).
2
Let d(a) = -a**3 + 28*a**2 + 33*a + 11. What is d(29)?
127
Let x(r) = -2*r**2 - 2*r + 3. Give x(0).
3
Let a(k) = 15*k + 816. Give a(-57).
-39
Let l(q) = 140*q + 25492. What is l(-182)?
12
Let q(h) = -821*h**2 - 6565*h + 7. Give q(-8).
-17
Let m(i) = 643*i + 7661. Calculate m(-12).
-55
Let r(u) = -207*u**3 - 5*u**2 - 3*u + 4. What is r(1)?
-211
Let i(z) = -z**3 - z**2 + 4*z - 2. Give i(-4).
30
Let t(u) = 11*u**2 + 634*u + 1262. Give t(-2).
38
Let a(v) = 3*v**2 + 117*v - 4026. Determine a(-61).
0
Let m(t) = 107*t + 21609. What is m(-202)?
-5
Let u(c) = c**2 + 80*c + 1. Calculate u(-80).
1
Let y(o) = 2*o**3 - 49*o**2 + 38*o - 332. What is y(24)?
4
Let b(p) = 6*p - 138. Determine b(24).
6
Let g(h) = 597*h - 1226. What is g(2)?
-32
Let o(q) = -1131*q**2 - 1130*q - 4. Determine o(-1).
-5
Let w(q) = 80*q**2 - 252*q - 10. Give w(3).
-46
Let r(k) = -k**3 - 5*k**2 - 16*k - 8. Give r(-4).
40
Let r(j) = -j**2 + 53*j + 1446. What is r(73)?
-14
Let t(v) = 3*v**2 + 172*v - 299. What is t(-59)?
-4
Let z(m) = -m**3 - 10*m**2 - 69*m - 253. What is z(-4)?
-73
Let r(k) = -k**3 - 7*k**2 - 34*k - 74. Determine r(-3).
-8
Let n(c) = -2*c**3 + 15*c**2 + 7*c + 17. Give n(8).
9
Let c(f) = 66*f + 870. Give c(-13).
12
Let s(x) = 48*x + 4541. Give s(-96).
-67
Let f(n) = -189*n - 32153. Give f(-170).
-23
Let s(g) = -70*g - 334. Calculate s(-5).
16
Let p(o) = -o**3 + o**2 + 21*o - 7. Calculate p(-7).
238
Let i(p) = 3708*p + 111242. Give i(-30).
2
Let l(t) = 3*t**2 - 14*t + 6. What is l(2)?
-10
Let k(b) = 2*b**2 + 99*b + 996. What is k(-32)?
-124
Let a(n) = -n**3 + 28*n**2 + 88*n + 155. Determine a(31).
0
Let h(o) = 5*o**3 - 849*o**2 + 674*o + 345. Determine h(169).
7
Let b(a) = 2*a**3 + 10*a**2 - 5*a - 20. Give b(-6).
-62
Let p(o) = 5*o**2 - 405*o - 1227. What is p(-3)?
33
Let p(f) = 51*f + 1556. Calculate p(-30).
26
Let i(a) = -3*a**3 + 12*a**2 + 52*a - 78. Give i(6).
18
Let o(v) = -122*v + 11233. Give o(92).
9
Let u(o) = -8*o - 36. Determine u(5).
-76
Let v(x) = x**3 - 10*x**2 + 300*x - 3901. Determine v(12).
-13
Let w(p) = -p**3 - 61*p**2 - 7*p + 180. Give w(-61).
607
Let u(i) = -368*i - 4329. Determine u(-12).
87
Let h(y) = y**3 + 314*y**2 - 5626*y + 337. Give h(-331).
6
Let z(f) = -8*f**2 - 158*f - 572. What is z(-15)?
-2
Let y(k) = -7*k + 620. Calculate y(28).
424
Let i(g) = g**3 + 23*g**2 + 81*g + 409. Give i(-20).
-11
Let l(c) = -12*c + 183. Give l(12).
39
Let q(v) = 26*v + 79. Determine q(-7).
-103
Let w(x) = x**2 + 64*x - 37. What is w(-65)?
28
Let x(f) = -2*f**3 - 28*f**2 + 7*f - 340. Determine x(-15).
5
Let r(o) = 4*o**3 - 91*o - 480. Calculate r(-5).
-525
Let s(y) = -y**3 - 150*y**2 - 3943*y + 38. Determine s(-34).
4
Let l(g) = -g**2 - 72*g - 15. Determine l(-76).
-319
Let g(s) = 5*s**3 - s**2 + s + 519. Give g(0).
519
Let q(l) = 250*l + 463. What is q(-3)?
-287
Let g(h) = -2*h**3 + 7*h**2 - 67*h + 563. Calculate g(8).
-549
Let m(p) = -3*p**2 + 25*p + 44. Give m(7).
72
Let u(v) = v**3 + 20*v**2 + 52*v - 34. Calculate u(-4).
14
Let p(z) = 2*z**2 + 18*z - 309. What is p(-22)?
263
Let y(t) = -t**3 + 25*t**2 + 52*t + 43. Give y(27).
-11
Let q(c) = c**3 + 6*c**2 - 65*c - 346. Determine q(-5).
4
Let p(y) = y**2 - 2*y - 1. What is p(12)?
119
Let c(i) = 608*i - 1814. What is c(3)?
10
Let q(r) = 17*r + 78. Calculate q(-18).
-228
Let z(a) = -33*a - 334. Give z(-13).
95
Let l(j) = -4938*j + 49387. What is l(10)?
7
Let h(g) = 7*g + 153. What is h(-7)?
104
Let h(u) = -u**3 + 18*u**2 - 44*u + 24. Give h(15).
39
Let s(p) = -55*p - 13. Give s(5).
-288
Let h(z) = -29*z**2 + 4438*z - 57. Calculate h(153).
96
Let z(h) = 56*h + 775. What is z(5)?
1055
Let h(l) = -4*l**2 + 32*l - 127. What is h(3)?
-67
Let v(q) = -19*q**2 + 432*q - 256. Determine v(22).
52
Let d(c) = 60*c + 1319. Calculate d(-22).
-1
Let w(u) = -3*u**2 - 40*u. Give w(-14).
-28
Let s(i) = -2*i**3 - 115*i**2 + 53*i + 25. Determine s(-58).
315
Let c(k) = 481*k + 15868. Calculate 